{"id":1159,"date":"2022-09-27T06:38:38","date_gmt":"2022-09-27T06:38:38","guid":{"rendered":"https:\/\/rollinat.fr\/?p=1159"},"modified":"2023-06-09T08:12:49","modified_gmt":"2023-06-09T08:12:49","slug":"presentation-de-leps","status":"publish","type":"page","link":"https:\/\/rollinat.fr\/?page_id=1159","title":{"rendered":"EPS"},"content":{"rendered":"\n<div class=\"wp-block-columns is-layout-flex wp-container-3\">\n<div class=\"wp-block-column is-layout-flow\">\n<p>Les \u00e9l\u00e8ves du lyc\u00e9e Rollinat sont en r\u00e9ussite dans la discipline. Les moyennes obtenues aux \u00e9preuves d\u2019EPS du baccalaur\u00e9at sont tr\u00e8s souvent sup\u00e9rieures aux moyennes d\u00e9partementales, acad\u00e9miques et nationales. La richesse du tissu associatif sportif, la qualit\u00e9 des infrastructures ou encore les diff\u00e9rents dispositifs scolaires (options, sections, unss) expliquent en partie cette r\u00e9ussite. Une programmation \u00e9quilibr\u00e9e des diff\u00e9rentes activit\u00e9s permet \u00e0 chacun de pouvoir valoriser pleinement son travail. Ainsi, les moyennes \u00e9lev\u00e9es pour les gar\u00e7ons comme pour les filles aux \u00e9preuves de certification, le faible taux d\u2019inaptitude, la fr\u00e9quentation importante de l\u2019option par les \u00e9l\u00e8ves, le taux \u00e9lev\u00e9 d\u2019admission Parcoursup en STAPS ou encore la participation et la r\u00e9ussite des lyc\u00e9ens engag\u00e9s dans les diverses comp\u00e9titions UNSS sont des indicateurs sp\u00e9cifiques qui t\u00e9moignent de la vitalit\u00e9 de la discipline.<\/p>\n\n\n\n<p>Comme indiqu\u00e9 dans le r\u00e8glement int\u00e9rieur, les \u00e9l\u00e8ves sont soumis \u00e0 certaines obligations (assiduit\u00e9, ponctualit\u00e9, port d\u2019une tenue d\u00e9cente et adapt\u00e9e, comportement conformes aux attentes&#8230;etc). De la m\u00eame mani\u00e8re, l\u2019utilisation encadr\u00e9e des t\u00e9l\u00e9phones, la participation aux activit\u00e9s de l\u2019UNSS ou, plus g\u00e9n\u00e9ralement, la gestion des inaptitudes, des retards et des absences sont soumises \u00e0 r\u00e9glementation.<\/p>\n\n\n\n<p><\/p>\n<\/div>\n\n\n\n<div class=\"wp-block-column is-layout-flow\"><div class=\"cl-layout-container align advgb-dyn-d41d8cd9\" style=\"--cl-layout-padding:0px;--cl-layout-margin:5px;\"><div  class=\"cl-layout cl-layout--grid  cl-layout--col-l-1 cl-layout--col-m-1 cl-layout--col-s-2 cl-layout--col-xs-1\"  style=\"--cl-layout-gap-c: 10px;--cl-layout-gap-r: 10px;\n\t\t\" ><div  class=\"cl-layout__item cl-layout__item--id-1161\" ><div  class=\"cl-template cl-template--post cl-template--id-1172 \" ><div class=\"cl-element cl-element-section cl-element--instance-1002 \"><h3 class=\"cl-element cl-element-title cl-element--instance-1003 \"><a class=\"cl-element-title__anchor\" href=\"https:\/\/rollinat.fr\/?p=1161\">Organisation de l\u2019EPS, actualisation du r\u00e8glement int\u00e9rieur<\/a><\/h3><div class=\"cl-element cl-element-excerpt cl-element--instance-1004 \">Les \u00e9l\u00e8ves doivent se munir d\u2019une tenue descente et appropri\u00e9e aux activit\u00e9s et aux conditions [\u2026]<\/div><div class=\"cl-element cl-element-link cl-element--instance-1005 \"><a class=\"cl-element-link__anchor\" href=\"https:\/\/rollinat.fr\/?p=1161\">Lire la suite<\/a><\/div><\/div><\/div><\/div><\/div><\/div><\/div>\n<\/div>\n","protected":false},"excerpt":{"rendered":"<p>Les \u00e9l\u00e8ves du lyc\u00e9e Rollinat sont en r\u00e9ussite dans la discipline. Les moyennes obtenues aux \u00e9preuves d\u2019EPS du baccalaur\u00e9at sont tr\u00e8s souvent sup\u00e9rieures aux moyennes d\u00e9partementales, acad\u00e9miques et nationales. La richesse du tissu associatif sportif, la qualit\u00e9 des infrastructures ou encore les diff\u00e9rents dispositifs scolaires (options, sections, unss) expliquent en partie cette r\u00e9ussite. Une programmation [&hellip;]<\/p>\n","protected":false},"author":1,"featured_media":0,"parent":0,"menu_order":0,"comment_status":"closed","ping_status":"open","template":"","meta":{"advgb_blocks_editor_width":"","advgb_blocks_columns_visual_guide":""},"categories":[40,5],"tags":[],"aioseo_notices":[],"coauthors":[],"author_meta":{"author_link":"https:\/\/rollinat.fr\/?author=1","display_name":"david.minet@gmail.com"},"relative_dates":{"created":"Publi\u00e9 4 ans il y a","modified":"Mis \u00e0 jour 3 ans il y a"},"absolute_dates":{"created":"Publi\u00e9 le septembre 27, 2022","modified":"Mise \u00e0 jour le juin 9, 2023"},"absolute_dates_time":{"created":"Publi\u00e9 le septembre 27, 2022 6:38  ","modified":"Mise \u00e0 jour le juin 9, 2023 8:12  "},"featured_img_caption":"","featured_img":false,"series_order":"","_links":{"self":[{"href":"https:\/\/rollinat.fr\/index.php?rest_route=\/wp\/v2\/pages\/1159"}],"collection":[{"href":"https:\/\/rollinat.fr\/index.php?rest_route=\/wp\/v2\/pages"}],"about":[{"href":"https:\/\/rollinat.fr\/index.php?rest_route=\/wp\/v2\/types\/page"}],"author":[{"embeddable":true,"href":"https:\/\/rollinat.fr\/index.php?rest_route=\/wp\/v2\/users\/1"}],"replies":[{"embeddable":true,"href":"https:\/\/rollinat.fr\/index.php?rest_route=%2Fwp%2Fv2%2Fcomments&post=1159"}],"version-history":[{"count":8,"href":"https:\/\/rollinat.fr\/index.php?rest_route=\/wp\/v2\/pages\/1159\/revisions"}],"predecessor-version":[{"id":1274,"href":"https:\/\/rollinat.fr\/index.php?rest_route=\/wp\/v2\/pages\/1159\/revisions\/1274"}],"wp:attachment":[{"href":"https:\/\/rollinat.fr\/index.php?rest_route=%2Fwp%2Fv2%2Fmedia&parent=1159"}],"wp:term":[{"taxonomy":"category","embeddable":true,"href":"https:\/\/rollinat.fr\/index.php?rest_route=%2Fwp%2Fv2%2Fcategories&post=1159"},{"taxonomy":"post_tag","embeddable":true,"href":"https:\/\/rollinat.fr\/index.php?rest_route=%2Fwp%2Fv2%2Ftags&post=1159"}],"curies":[{"name":"wp","href":"https:\/\/api.w.org\/{rel}","templated":true}]}}